e 12?
4634a
What is -1213772 (base 8) in base 7?
-2560142
Convert -13033203 (base 4) to base 11.
-20320
What is 130303223 (base 4) in base 2?
11100110011101011
What is -10011111101101011110000 (base 2) in base 3?
-100211212212100
-8940 (base 16) to base 7
-204303
Convert 223112323 (base 4) to base 16.
2b5bb
Convert b62e (base 15) to base 12.
1a35b
What is -650 (base 10) in base 9?
-802
Convert -2210623 (base 7) to base 2.
-1000010010100001000
What is -14242013 (base 6) in base 14?
-c9a65
What is -7026 (base 13) in base 14?
-588b
-202200332 (base 4) to base 5
-14010444
What is -3562041 (base 9) in base 15?
-281ea4
-994a7 (base 11) to base 14
-3a869
What is 42581 (base 10) in base 8?
123125
What is -25255232 (base 6) in base 8?
-3072344
-199763 (base 14) to base 10
-909723
What is -19b6c (base 16) in base 12?
-50b50
Convert 8474a (base 11) to base 10.
123353
23872c (base 14) to base 9
2250577
Convert -1111111011111100110 (base 2) to base 8.
-1773746
1022212 (base 3) to base 14
4d2
-11523010 (base 8) to base 16
-26a608
What is 101001111010000010 (base 2) in base 5?
20443100
Convert -11296469 (base 10) to base 8.
-53057325
What is 1105112 (base 7) in base 8?
412045
3171c9 (base 14) to base 10
1671469
Convert -21020001022010 (base 3) to base 11.
-2192441
What is 42901 (base 15) in base 9?
351731
What is -a52957 (base 11) in base 9?
-3151761
220101 (base 5) to base 12
4432
-1101111110111111000 (base 2) to base 6
-13453240
Convert -27783a4 (base 11) to base 12.
-17286a3
-121102211000 (base 3) to base 8
-1167725
What is -5a47a4 (base 13) in base 15?
-2c7a3a
Convert 11123302001 (base 4) to base 11.
893292
974aa (base 13) to base 4
1002231130
Convert -b683c (base 13) to base 2.
-1010000010000110100
What is -76906 (base 10) in base 11?
-52865
Convert -78923 (base 16) to base 10.
-493859
What is 10231335 (base 6) in base 14?
7b32b
What is 2385b (base 13) in base 6?
1221325
What is -110000101100111 (base 2) in base 8?
-60547
Convert -69b3 (base 16) to base 15.
-803e
-211212001 (base 4) to base 15
-3095a
Convert -377043 (base 13) to base 7.
-14204223
What is 3936745 (base 10) in base 16?
3c11e9
-3224304133 (base 5) to base 11
-3972002
-835075 (base 10) to base 16
-cbe03
-1413210324 (base 5) to base 11
-2071540
What is -259a87 (base 11) in base 10?
-408591
-404564 (base 11) to base 3
-1020000220121
-112000021120 (base 3) to base 16
-43536
What is 3343b (base 12) in base 16?
109af
f2c33 (base 16) to base 8
3626063
What is -11000100110010100 (base 2) in base 16?
-18994
Convert 1100011001110011 (base 2) to base 8.
143163
Convert -220c36 (base 14) to base 6.
-40430400
What is 102200201000102 (base 3) in base 10?
6214007
-101000011001011111000010 (base 2) to base 4
-220121133002
777383 (base 15) to base 11
323a339
-338055 (base 10) to base 15
-6a270
3432043 (base 7) to base 11
2726a8
Convert 3550664 (base 8) to base 4.
3231012310
What is 142210013 (base 5) in base 3?
1101122211000
What is -101011222123 (base 4) in base 6?
-240003031
-5338683 (base 9) to base 7
-33212304
-1910c4 (base 16) to base 4
-12101003010
Convert -1124540 (base 8) to base 2.
-1001010100101100000
Convert 4220441140 (base 5) to base 4.
201123323302
Convert 204ba (base 16) to base 13.
48297
What is -12e5de (base 15) in base 8?
-3357631
What is 111101100010011011110 (base 2) in base 15?
29c71d
15fe42 (base 16) to base 11
8a49a5
Convert 14012042 (base 8) to base 9.
5832170
What is 10211200211 (base 3) in base 4?
102131023
What is 209444 (base 11) in base 9?
560002
1000202120220 (base 3) to base 4
2011122102
What is 49a403 (base 12) in base 15?
18a776
1425024 (base 7) to base 15
3baac
-1011010100011100000001 (base 2) to base 3
-12120202100220
Convert 78097 (base 11) to base 7.
651102
What is -3b89cc (base 14) in base 3?
-10212122201020
What is 11001011011100000 (base 2) in base 16?
196e0
Convert -1322312103 (base 4) to base 2.
-1111010110110010011
What is -302112332 (base 4) in base 5?
-23100040
What is -11001100011001101 (base 2) in base 13?
-38833
-a53858 (base 11) to base 13
-471870
63513056 (base 7) to base 4
110201321033
Convert 457144 (base 9) to base 16.
42f31
Convert -118c1b (base 13) to base 16.
-6669a
Convert 1ee783 (base 16) to base 11.
1163745
-223b (base 12) to base 7
-14024
What is -1310503 (base 8) in base 11?
-22a148
-198804 (base 12) to base 13
-12a03c
What is -426166 (base 15) in base 8?
-14032431
Convert 1092c (base 15) to base 14.
152ba
Convert -144566 (base 7) to base 10.
-28076
What is -6798997 (base 10) in base 16?
-67be95
What is 40506002 (base 7) in base 14?
63dc39
-3310400303 (base 5) to base 4
-123022300201
Convert 230508 (base 10) to base 12.
b1490
Convert -20033202 (base 5) to base 12.
-77908
-1a803 (base 14) to base 3
-10102111022
Convert 60204 (base 15) to base 16.
4a44c
What is -128342 (base 14) in base 11?
-3a5862
-111011011001010101 (base 2) to base 13
-86973
Convert 14786221 (base 9) to base 7.
116502316
Convert 25a5b (base 13) to base 7.
410466
Convert -34434041 (base 5) to base 12.
-13050b
Convert 100112012002 (base 3) to base 7.
1410422
Convert -9a97b (base 12) to base 5.
-23032140
-a6bc16 (base 15) to base 2
-11110010001110101000010
What is 19dc (base 15) in base 10?
5607
What is 87716 (base 13) in base 8?
736515
6016e2 (base 15) to base 3
22120201202212
What is -980047 (base 10) in base 15?
-1455b7
Convert -33012203023 (base 4) to base 15.
-533077
Convert -462572 (base 13) to base 7.
-20061050
-306561 (base 8) to base 2
-11000110101110001
Convert -1544334 (base 7) to base 10.
-212832
31022232030 (base 4) to base 5
1340424123
What is 46183 (base 10) in base 15?
da3d
-1110101010000000000 (base 2) to base 8
-1652000
Convert -2200313030 (base 4) to base 9.
-1213742
What is 62ab5d (base 14) in base 3?
20021100122022
What is 11220436 (base 7) in base 16?
ef377
Convert 1010315 (base 8) to base 10.
266445
What is -10055b (base 13) in base 9?
-626521
What is -221c7 (base 16) in base 10?
-139719
What is 20113454 (base 6) in base 2?
10001011000110101010
Convert 28512 (base 10) to base 8.
67540
What is 1200180 (base 9) in base 11?
40413a
Convert 4511421 (base 6) to base 8.
673545
Convert -ca6b6 (base 15) to base 3.
-1012122201100
3032243110 (base 5) to base 8
27314613
Convert -3231300 (base 5) to base 6.
-1103320
-32827 (base 15) to base 4
-213023032
What is -1750511 (base 8) in base 5?
-112343304
What is 1548314 (base 9) in base 16?
d1b8a
What is 11465000 (base 10) in base 4?
223233010220
-247a1c (base 15) to base 6
-101240400
What is -2213536 (base 8) in base 13?
-17b263
Convert -37002755 (base 8) to base 11.
-4651744
Convert 4114547 (base 9) to base 13.
5bac80
Convert -131729 (base 12) to base 9.
-527416
-2340112424 (base 5) to base 4
-110211010303
What is 4b637 (base 16) in base 7?
2424160
Convert -1101201011 (base 3) to base 13.
-c688
What is 12221010 (base 4) in base 16?
6a44
Convert -42233430 (base 5) to base 6.
-11315153
What is -39670 (base 13) in base 3?
-12102011201
-200211111000 (base 3) to base 16
-5a7fb
Convert -3653564 (base 9) to base 11.
-1135732
860b9 (base 14) to base 7
2516322
Convert -140231035 (base 6) to base 14.
-5354bd
135d03 (base 15) to base 8
3432355
What is 16250466 (base 9) in base 2?
11110111111001000010110
-21448 (base 11) to base 13
-11241
What is -101000000001000110 (base 2) in base 12?
-7aa32
What is -5441277 (base 8) in base 15?
-1dc3d9
1741519 (base 13) to base 7
121054513
57352 (base 13) to base 11
a9306
Convert -73416 (base 10) to base 13.
-27555
What is -2989 (base 16) in base 11?
-7a97
What is -b85b11 (base 12) in base 11?
-170a874
What is -2057631 (base 10) in base 14?
-3b7c19
1101000101011010011 (base 2) to base 13
120202
What is -b88b7 (base 14) in base 16?
-6cf31
What is 1013619 (base 10) in base 11?
632602
What is -633427 (base 14) in base 5?
-1324214433
Convert -101000001011010101 (base 2) to base 11.
-102705
Convert 1503240233 (base 6) to base 11.
a579a2a
What is -3a672 (base 13) in base 8?
-324330
Convert -d8c4 (base 16) to base 13.
-1c348
Convert -2572234 (base 12) to base 4.
-130012013020
What is 53538a (base 12) in base 15?
1aebd1
16763 (base 12) to base 5
2012222
Convert -732786 (base 10) to base 12.
-2b4096
What is 167085 (base 10) in base 4?
220302231
What is 57a054 (base 11) in base 14?
19d979
Convert -15a528 